True
Is 188711 composite?
False
Is 18143 prime?
True
Is 52913 prime?
False
Is 236257 prime?
False
Is 243467 prime?
False
Is 42277 composite?
True
Is 1067 a prime number?
False
Is 421847 prime?
True
Is 308447 composite?
False
Is 457621 prime?
True
Is 30161 prime?
True
Is 1272203 composite?
False
Is 1676861 prime?
False
Is 10411 composite?
True
Is 696793 a prime number?
True
Is 1591 composite?
True
Is 102161 prime?
True
Is 59434 prime?
False
Is 93491 a composite number?
False
Is 290509 a prime number?
True
Is 154043 a prime number?
True
Is 27151 prime?
False
Is 629 prime?
False
Is 16357 composite?
True
Is 32467 a prime number?
True
Is 69815 prime?
False
Is 21313 prime?
True
Is 15653 composite?
True
Is 119083 a prime number?
True
Is 2362 prime?
False
Is 6353 prime?
True
Is 182981 composite?
False
Is 47714 prime?
False
Is 13493 composite?
True
Is 336535 composite?
True
Is 26323 a prime number?
False
Is 286571 a prime number?
False
Is 8147 a composite number?
False
Is 17843 a prime number?
False
Is 374399 composite?
False
Is 1071983 composite?
True
Is 7607 prime?
True
Is 871499 a composite number?
True
Is 349529 prime?
True
Is 104869 composite?
False
Is 1066493 prime?
False
Is 13853 a prime number?
False
Is 12611 composite?
False
Is 36187 a prime number?
True
Is 1993 composite?
False
Is 27179 a composite number?
False
Is 197887 composite?
False
Is 275549 a composite number?
False
Is 8387 a composite number?
False
Is 34019 composite?
False
Is 298379 a prime number?
False
Is 71543 composite?
True
Is 9057 a composite number?
True
Is 625589 composite?
False
Is 44221 composite?
False
Is 12703 composite?
False
Is 323759 prime?
True
Is 2091437 prime?
True
Is 48563 composite?
False
Is 18509 prime?
False
Is 91529 a composite number?
False
Is 14341 prime?
True
Is 11303 composite?
True
Is 2587 a prime number?
False
Is 43037 composite?
False
Is 892877 composite?
False
Is 49499 a prime number?
True
Is 628583 prime?
True
Is 62837 prime?
False
Is 18413 composite?
False
Is 95797 prime?
False
Is 81511 prime?
False
Is 378809 prime?
True
Is 20717 composite?
False
Is 9793 a prime number?
False
Is 59051 prime?
True
Is 3778 composite?
True
Is 401381 composite?
False
Is 353387 prime?
False
Is 2455 a composite number?
True
Is 5349 composite?
True
Is 143387 prime?
True
Is 1557001 composite?
False
Is 143713 a composite number?
True
Is 102121 composite?
False
Is 5219 a composite number?
True
Is 29182 a prime number?
False
Is 1036589 a prime number?
False
Is 39749 a prime number?
True
Is 1034581 a composite number?
False
Is 9089 composite?
True
Is 792551 composite?
False
Is 52411 composite?
True
Is 139 prime?
True
Is 450493 prime?
True
Is 44663 a prime number?
False
Is 6697 composite?
True
Is 4647 composite?
True
Is 1209437 a prime number?
True
Is 25105 a prime number?
False
Is 59647 a composite number?
True
Is 10279 a composite number?
True
Is 5623 a composite number?
False
Is 121061 a composite number?
False
Is 2319 a composite number?
True
Is 349787 a composite number?
False
Is 310949 composite?
False
Is 20071 prime?
True
Is 271283 prime?
False
Is 565769 prime?
True
Is 250507 a composite number?
True
Is 90866 composite?
True
Is 49019 composite?
False
Is 4219 prime?
True
Is 16349 prime?
True
Is 1437 a prime number?
False
Is 3161461 prime?
True
Is 37657 a prime number?
True
Is 301394 prime?
False
Is 155711 prime?
False
Is 19043 a prime number?
False
Is 38057 composite?
True
Is 58601 a prime number?
True
Is 2533 a composite number?
True
Is 8947 composite?
True
Is 14971 a composite number?
True
Is 31399 a prime number?
False
Is 5779 prime?
True
Is 7891 a prime number?
False
Is 481751 composite?
False
Is 9941 a composite number?
False
Is 257 composite?
False
Is 23431 prime?
True
Is 6139 prime?
False
Is 29117 a prime number?
False
Is 12014 composite?
True
Is 16333 prime?
True
Is 1000551 a prime number?
False
Is 2365963 a prime number?
True
Is 1234417 a prime number?
True
Is 91331 a composite number?
False
Is 18883 composite?
True
Is 609091 a prime number?
False
Is 21529 a prime number?
True
Is 53501 prime?
False
Is 4799 composite?
False
Is 21361 prime?
False
Is 15037 prime?
False
Is 2329 composite?
True
Is 941 a composite number?
False
Is 339811 a composite number?
False
Is 1367 a prime number?
True
Is 5897 a composite number?
False
Is 7993 a composite number?
False
Is 17519 prime?
True
Is 1147 a composite number?
True
Is 7283 a prime number?
True
Is 43135 composite?
True
Is 315283 a composite number?
True
Is 22579 composite?
True
Is 19151 composite?
True
Is 1259 a composite number?
False
Is 23963 a prime number?
False
Is 237478 a composite number?
True
Is 651539 a composite number?
True
Is 15479 prime?
False
Is 62753 a prime number?
True
Is 27199 composite?
True
Is 564353 a composite number?
False
Is 5639 a prime number?
True
Is 206909 a composite number?
False
Is 254287 composite?
True
Is 1847 a composite number?
False
Is 10813 composite?
True
Is 63521 a prime number?
True
Is 152959 prime?
True
Is 8009 prime?
True
Is 1478071 prime?
False
Is 136193 a prime number?
True
Is 6521 composite?
False
Is 1937 a composite number?
True
Is 29917 composite?
False
Is 552883 prime?
True
Is 1234231 a prime number?
True
Is 1803703 a composite number?
True
Is 633687 a prime number?
False
Is 967 composite?
False
Is 1661 a composite number?
True
Is 309065 a composite number?
True
Is 23741 a prime number?
True
Is 5493559 prime?
True
Is 199681 a prime number?
False
Is 264779 a composite number?
False
Is 61961 a prime number?
True
Is 35141 a composite number?
False
Is 18811 composite?
True
Is 392191 a composite number?
True
Is 6029 composite?
False
Is 12679 a prime number?
False
Is 9733 composite?
False
Is 4197 composite?
True
Is 242741 a composite number?
True
Is 14143 composite?
False
Is 3143 a prime number?
False
Is 13327 a composite number?
False
Is 271981 a prime number?
True
Is 217111 composite?
False
Is 181361 prime?
True
Is 29459 composite?
True
Is 169259 prime?
True
Is 144151 a composite number?
True
Is 1985 prime?
False
Is 3793 a composite number?
False
Is 4007 composite?
False
Is 22955 a composite number?
True
Is 424997 composite?
False
Is 2521397 prime?
True
Is 68567 prime?
True
Is 113891 composite?
False
Is 18413 prime?
True
Is 121283 a composite number?
False
Is 7405 a prime number?
False
Is 11017 a prime number?
False
Is 50033 a prime number?
True
Is 50707 prime?
True
Is 155911 composite?
True
Is 4597 a composite number?
False
Is 50867 a composite number?
False
Is 205043 a composite number?
False
Is 36721 prime?
True
Is 41127 a composite number?
True
Is 12079 composite?
True
Is 27437 composite?
False
Is 491 prime?
True
Is 49663 composite?
False
Is 28733 prime?
False
Is 6121 a prime number?
True
Is 12763 composite?
False
Is 14251 prime?
True
Is 174457 a composite number?
False
Is 60251 composite?
False
Is 96674 prime?
False
Is 47053 a prime number?
False
Is 103381 composite?
True
Is 621799 a prime number?
True
Is 81847 a composite number?
False
Is 589289 prime?
True
Is 28173 a prime number?
False
Is 2250257 composite?
False
Is 6449 prime?
True
Is 1511 a prime number?
True
Is 768019 a prime number?
False
Is 18742 a prime number?
False
Is 109 a composite number?
False
Is 1071373 a composite number?
False
Is 15727 a composite number?
False
Is 11755 composite?
True
Is 537373 composite?
False
Is 814349 composite?
True
Is 3643 a composite number?
False
Is 3779 a prime number?
True
Is 44437 a prime number?
False
Is 910981 a composite number?
False
Is 3021523 composite?
False
Is 1344415 a composite number?
True
Is 18119 composite?
False
Is 997145 a composite number?
True
Is 55267 composite?
True
Is 30983 a prime number?
True
Is 106565 a composite number?
True
Is 14369 a composite number?
False
Is 344671 a composite number?
False
Is 6679 composite?
False
Is 8637 composite?
True
Is 3943 a prime number?
True
Is 73265 a prime number?
False
Is 1355 composite?
True
Is 24169 prime?
True
Is 24689 composite?
True
Is 164159 a prime number?
False
Is 574031 prime?
True
Is 16741 a prime number?
True
Is 126067 prime?
True
Is 1361441 prime?
True
Is 96241 a composite number?
True
Is 23601 a prime number?
False
Is 9055 a composite number?
True
Is 3705001 a prime number?
False
Is 934799 a composite number?